Last updated on 2020-08-19 01:50:21 CEST.
Flavor | Version | Tinstall | Tcheck | Ttotal | Status | Flags |
---|---|---|---|---|---|---|
r-devel-linux-x86_64-debian-clang | 1.1.24 | 36.39 | 205.22 | 241.61 | OK | |
r-devel-linux-x86_64-debian-gcc | 1.1.24 | 29.16 | 148.76 | 177.92 | OK | |
r-devel-linux-x86_64-fedora-clang | 1.1.24 | 299.18 | NOTE | |||
r-devel-linux-x86_64-fedora-gcc | 1.1.24 | 288.65 | OK | |||
r-devel-windows-ix86+x86_64 | 1.1.24 | 62.00 | 285.00 | 347.00 | NOTE | |
r-patched-linux-x86_64 | 1.1.24 | 32.30 | 201.08 | 233.38 | OK | |
r-patched-solaris-x86 | 1.1.24 | 367.30 | NOTE | |||
r-release-linux-x86_64 | 1.1.24 | 36.71 | 201.90 | 238.61 | OK | |
r-release-macos-x86_64 | 1.1.24 | NOTE | ||||
r-release-windows-ix86+x86_64 | 1.1.24 | 60.00 | 203.00 | 263.00 | NOTE | |
r-oldrel-macos-x86_64 | 1.1.24 | NOTE | ||||
r-oldrel-windows-ix86+x86_64 | 1.1.24 | 42.00 | 275.00 | 317.00 | NOTE |
Version: 1.1.24
Check: installed package size
Result: NOTE
installed size is 7.1Mb
sub-directories of 1Mb or more:
R 1.1Mb
doc 5.5Mb
Flavors: r-devel-linux-x86_64-fedora-clang, r-devel-windows-ix86+x86_64, r-patched-solaris-x86, r-release-macos-x86_64, r-release-windows-ix86+x86_64, r-oldrel-macos-x86_64, r-oldrel-windows-ix86+x86_64