CRAN Package Check Results for Package wavScalogram

Last updated on 2020-08-19 01:50:21 CEST.

Flavor Version Tinstall Tcheck Ttotal Status Flags
r-devel-linux-x86_64-debian-clang 1.0.0 5.85 49.23 55.08 OK
r-devel-linux-x86_64-debian-gcc 1.0.0 5.26 37.29 42.55 OK
r-devel-linux-x86_64-fedora-clang 1.0.0 75.26 NOTE
r-devel-linux-x86_64-fedora-gcc 1.0.0 63.64 NOTE
r-devel-windows-ix86+x86_64 1.0.0 18.00 83.00 101.00 OK
r-patched-linux-x86_64 1.0.0 6.48 48.95 55.43 OK
r-patched-solaris-x86 1.0.0 96.60 NOTE
r-release-linux-x86_64 1.0.0 6.96 48.17 55.13 OK
r-release-macos-x86_64 1.0.0 NOTE
r-release-windows-ix86+x86_64 1.0.0 17.00 61.00 78.00 OK
r-oldrel-macos-x86_64 1.0.0 NOTE
r-oldrel-windows-ix86+x86_64 1.0.0 11.00 72.00 83.00 OK

Check Details

Version: 1.0.0
Check: dependencies in R code
Result: NOTE
    Namespaces in Imports field not imported from:
     ‘Matrix’ ‘zoo’
     All declared Imports should be used.
Flavors: r-devel-linux-x86_64-fedora-clang, r-devel-linux-x86_64-fedora-gcc, r-patched-solaris-x86, r-release-macos-x86_64, r-oldrel-macos-x86_64