Last updated on 2020-08-19 01:50:21 CEST.
Flavor | Version | Tinstall | Tcheck | Ttotal | Status | Flags |
---|---|---|---|---|---|---|
r-devel-linux-x86_64-debian-clang | 1.2.0 | 7.92 | 69.25 | 77.17 | NOTE | |
r-devel-linux-x86_64-debian-gcc | 1.2.0 | 6.32 | 52.03 | 58.35 | NOTE | |
r-devel-linux-x86_64-fedora-clang | 1.2.0 | 107.15 | NOTE | |||
r-devel-linux-x86_64-fedora-gcc | 1.2.0 | 98.72 | NOTE | |||
r-devel-windows-ix86+x86_64 | 1.2.0 | 25.00 | 112.00 | 137.00 | NOTE | |
r-patched-linux-x86_64 | 1.2.0 | 8.09 | 66.46 | 74.55 | NOTE | |
r-patched-solaris-x86 | 1.2.0 | 147.50 | NOTE | |||
r-release-linux-x86_64 | 1.2.0 | 7.58 | 66.66 | 74.24 | NOTE | |
r-release-macos-x86_64 | 1.2.0 | NOTE | ||||
r-release-windows-ix86+x86_64 | 1.2.0 | 24.00 | 76.00 | 100.00 | NOTE | |
r-oldrel-macos-x86_64 | 1.2.0 | ERROR |
Version: 1.2.0
Check: package dependencies
Result: NOTE
Package suggested but not available for checking: 'rPeaks'
Flavors: r-devel-linux-x86_64-debian-clang, r-devel-linux-x86_64-debian-gcc, r-devel-linux-x86_64-fedora-clang, r-devel-linux-x86_64-fedora-gcc, r-devel-windows-ix86+x86_64, r-patched-linux-x86_64, r-patched-solaris-x86, r-release-linux-x86_64, r-release-macos-x86_64, r-release-windows-ix86+x86_64, r-oldrel-macos-x86_64
Version: 1.2.0
Check: dependencies in R code
Result: NOTE
Namespaces in Imports field not imported from:
‘raster’ ‘reshape2’
All declared Imports should be used.
Flavors: r-devel-linux-x86_64-fedora-clang, r-devel-linux-x86_64-fedora-gcc, r-patched-solaris-x86, r-release-macos-x86_64
Version: 1.2.0
Check: whether package can be installed
Result: ERROR
Installation failed.
Flavor: r-oldrel-macos-x86_64