CRAN Package Check Results for Package webchem

Last updated on 2020-08-19 01:50:21 CEST.

Flavor Version Tinstall Tcheck Ttotal Status Flags
r-devel-linux-x86_64-debian-clang 1.0.0 7.19 58.30 65.49 OK
r-devel-linux-x86_64-debian-gcc 1.0.0 6.14 43.70 49.84 OK
r-devel-linux-x86_64-fedora-clang 1.0.0 86.16 NOTE
r-devel-linux-x86_64-fedora-gcc 1.0.0 75.95 OK
r-devel-windows-ix86+x86_64 1.0.0 26.00 103.00 129.00 OK
r-patched-linux-x86_64 1.0.0 7.33 56.10 63.43 OK
r-patched-solaris-x86 1.0.0 112.50 NOTE
r-release-linux-x86_64 1.0.0 7.38 56.20 63.58 OK
r-release-macos-x86_64 1.0.0 OK
r-release-windows-ix86+x86_64 1.0.0 23.00 69.00 92.00 OK
r-oldrel-macos-x86_64 1.0.0 OK
r-oldrel-windows-ix86+x86_64 1.0.0 14.00 95.00 109.00 OK

Check Details

Version: 1.0.0
Check: Rd cross-references
Result: NOTE
    Undeclared package ‘usethis’ in Rd xrefs
Flavor: r-devel-linux-x86_64-fedora-clang

Version: 1.0.0
Check: package dependencies
Result: NOTE
    Package suggested but not available for checking: ‘rcdk’
Flavor: r-patched-solaris-x86