CRAN Package Check Results for Package webreadr

Last updated on 2020-08-19 01:50:21 CEST.

Flavor Version Tinstall Tcheck Ttotal Status Flags
r-devel-linux-x86_64-debian-clang 0.4.0 22.85 38.55 61.40 OK
r-devel-linux-x86_64-debian-gcc 0.4.0 16.87 29.69 46.56 OK
r-devel-linux-x86_64-fedora-clang 0.4.0 89.37 NOTE
r-devel-linux-x86_64-fedora-gcc 0.4.0 71.69 NOTE
r-devel-windows-ix86+x86_64 0.4.0 60.00 112.00 172.00 OK
r-patched-linux-x86_64 0.4.0 16.11 36.56 52.67 OK
r-patched-solaris-x86 0.4.0 92.90 NOTE
r-release-linux-x86_64 0.4.0 17.90 36.68 54.58 OK
r-release-macos-x86_64 0.4.0 OK
r-release-windows-ix86+x86_64 0.4.0 65.00 83.00 148.00 OK
r-oldrel-macos-x86_64 0.4.0 OK
r-oldrel-windows-ix86+x86_64 0.4.0 46.00 104.00 150.00 OK

Check Details

Version: 0.4.0
Check: compiled code
Result: NOTE
    File ‘webreadr/libs/webreadr.so’:
     Found no calls to: ‘R_registerRoutines’, ‘R_useDynamicSymbols’
    
    It is good practice to register native routines and to disable symbol
    search.
    
    See ‘Writing portable packages’ in the ‘Writing R Extensions’ manual.
Flavors: r-devel-linux-x86_64-fedora-clang, r-devel-linux-x86_64-fedora-gcc

Version: 0.4.0
Check: package dependencies
Result: NOTE
    Package suggested but not available for checking: ‘iptools’
Flavor: r-patched-solaris-x86