Last updated on 2020-08-19 01:50:21 CEST.
Flavor | Version | Tinstall | Tcheck | Ttotal | Status | Flags |
---|---|---|---|---|---|---|
r-devel-linux-x86_64-debian-clang | 1.0.1 | 42.18 | 95.26 | 137.44 | OK | |
r-devel-linux-x86_64-debian-gcc | 1.0.1 | 33.55 | 70.90 | 104.45 | OK | |
r-devel-linux-x86_64-fedora-clang | 1.0.1 | 183.25 | NOTE | |||
r-devel-linux-x86_64-fedora-gcc | 1.0.1 | 163.67 | OK | |||
r-devel-windows-ix86+x86_64 | 1.0.1 | 116.00 | 208.00 | 324.00 | NOTE | |
r-patched-linux-x86_64 | 1.0.1 | 36.66 | 92.22 | 128.88 | OK | |
r-patched-solaris-x86 | 1.0.1 | 187.30 | NOTE | |||
r-release-linux-x86_64 | 1.0.1 | 35.75 | 92.35 | 128.10 | OK | |
r-release-macos-x86_64 | 1.0.1 | NOTE | ||||
r-release-windows-ix86+x86_64 | 1.0.1 | 117.00 | 152.00 | 269.00 | NOTE | |
r-oldrel-macos-x86_64 | 1.0.1 | NOTE | ||||
r-oldrel-windows-ix86+x86_64 | 1.0.1 | 76.00 | 205.00 | 281.00 | NOTE |
Version: 1.0.1
Check: installed package size
Result: NOTE
installed size is 13.7Mb
sub-directories of 1Mb or more:
doc 11.9Mb
libs 1.5Mb
Flavors: r-devel-linux-x86_64-fedora-clang, r-devel-windows-ix86+x86_64, r-patched-solaris-x86, r-release-macos-x86_64, r-release-windows-ix86+x86_64, r-oldrel-macos-x86_64, r-oldrel-windows-ix86+x86_64