CRAN Package Check Results for Package whatr

Last updated on 2020-08-19 01:50:21 CEST.

Flavor Version Tinstall Tcheck Ttotal Status Flags
r-devel-linux-x86_64-debian-clang 1.0.1 6.11 67.98 74.09 OK
r-devel-linux-x86_64-debian-gcc 1.0.1 4.51 49.44 53.95 OK
r-devel-linux-x86_64-fedora-clang 1.0.1 93.26 NOTE
r-devel-linux-x86_64-fedora-gcc 1.0.1 80.56 NOTE
r-devel-windows-ix86+x86_64 1.0.1 28.00 408.00 436.00 OK
r-patched-linux-x86_64 1.0.1 6.50 66.02 72.52 OK
r-patched-solaris-x86 1.0.1 116.30 NOTE
r-release-linux-x86_64 1.0.1 6.31 66.50 72.81 OK
r-release-macos-x86_64 1.0.1 NOTE
r-release-windows-ix86+x86_64 1.0.1 21.00 405.00 426.00 OK
r-oldrel-macos-x86_64 1.0.1 NOTE
r-oldrel-windows-ix86+x86_64 1.0.1 12.00 409.00 421.00 OK

Check Details

Version: 1.0.1
Check: data for non-ASCII characters
Result: NOTE
     Note: found 175 marked UTF-8 strings
Flavors: r-devel-linux-x86_64-fedora-clang, r-devel-linux-x86_64-fedora-gcc, r-patched-solaris-x86, r-release-macos-x86_64, r-oldrel-macos-x86_64