CRAN Package Check Results for Package wikitaxa

Last updated on 2020-08-19 01:50:21 CEST.

Flavor Version Tinstall Tcheck Ttotal Status Flags
r-devel-linux-x86_64-debian-clang 0.4.0 2.99 28.75 31.74 OK
r-devel-linux-x86_64-debian-gcc 0.4.0 2.19 22.41 24.60 OK
r-devel-linux-x86_64-fedora-clang 0.4.0 48.15 NOTE
r-devel-linux-x86_64-fedora-gcc 0.4.0 36.76 OK
r-devel-windows-ix86+x86_64 0.4.0 12.00 64.00 76.00 OK
r-patched-linux-x86_64 0.4.0 2.68 28.35 31.03 OK
r-patched-solaris-x86 0.4.0 56.50 OK
r-release-linux-x86_64 0.4.0 2.96 28.34 31.30 OK
r-release-macos-x86_64 0.4.0 OK
r-release-windows-ix86+x86_64 0.4.0 12.00 40.00 52.00 OK
r-oldrel-macos-x86_64 0.4.0 OK
r-oldrel-windows-ix86+x86_64 0.4.0 6.00 61.00 67.00 OK

Check Details

Version: 0.4.0
Check: Rd cross-references
Result: NOTE
    Undeclared package ‘httr’ in Rd xrefs
Flavor: r-devel-linux-x86_64-fedora-clang