CRAN Package Check Results for Package wmlf

Last updated on 2020-08-19 01:50:21 CEST.

Flavor Version Tinstall Tcheck Ttotal Status Flags
r-devel-linux-x86_64-debian-clang 0.1.2 2.97 32.94 35.91 NOTE
r-devel-linux-x86_64-debian-gcc 0.1.2 2.41 26.15 28.56 NOTE
r-devel-linux-x86_64-fedora-clang 0.1.2 52.57 NOTE
r-devel-linux-x86_64-fedora-gcc 0.1.2 41.63 NOTE
r-devel-windows-ix86+x86_64 0.1.2 9.00 58.00 67.00 NOTE
r-patched-linux-x86_64 0.1.2 3.30 32.82 36.12 NOTE
r-patched-solaris-x86 0.1.2 65.10 NOTE
r-release-linux-x86_64 0.1.2 3.25 32.37 35.62 NOTE
r-release-macos-x86_64 0.1.2 NOTE
r-release-windows-ix86+x86_64 0.1.2 11.00 42.00 53.00 NOTE
r-oldrel-macos-x86_64 0.1.2 NOTE
r-oldrel-windows-ix86+x86_64 0.1.2 5.00 59.00 64.00 NOTE

Check Details

Version: 0.1.2
Check: R code for possible problems
Result: NOTE
    fit,Leader: no visible global function definition for 'lm'
    plotfit,Leader: no visible global function definition for 'par'
    Undefined global functions or variables:
     lm par
    Consider adding
     importFrom("graphics", "par")
     importFrom("stats", "lm")
    to your NAMESPACE file.
Flavors: r-devel-linux-x86_64-debian-clang, r-devel-linux-x86_64-debian-gcc, r-devel-linux-x86_64-fedora-clang, r-devel-linux-x86_64-fedora-gcc, r-devel-windows-ix86+x86_64, r-patched-linux-x86_64, r-patched-solaris-x86, r-release-linux-x86_64, r-release-macos-x86_64, r-release-windows-ix86+x86_64

Version: 0.1.2
Check: R code for possible problems
Result: NOTE
    fit,Leader: no visible global function definition for ‘lm’
    plotfit,Leader: no visible global function definition for ‘par’
    plotfit,Leader: no visible global function definition for ‘plot’
    Undefined global functions or variables:
     lm par plot
    Consider adding
     importFrom("graphics", "par", "plot")
     importFrom("stats", "lm")
    to your NAMESPACE file.
Flavors: r-oldrel-macos-x86_64, r-oldrel-windows-ix86+x86_64