Last updated on 2020-09-17 02:08:06 CEST.
Flavor | Version | Tinstall | Tcheck | Ttotal | Status | Flags |
---|---|---|---|---|---|---|
r-devel-linux-x86_64-debian-clang | 0.7 | 2.93 | 61.16 | 64.09 | OK | |
r-devel-linux-x86_64-debian-gcc | 0.7 | 2.36 | 44.21 | 46.57 | OK | |
r-devel-linux-x86_64-fedora-clang | 0.7 | 87.05 | NOTE | |||
r-devel-linux-x86_64-fedora-gcc | 0.7 | 83.19 | NOTE | |||
r-devel-windows-ix86+x86_64 | 0.7 | 8.00 | 88.00 | 96.00 | OK | |
r-patched-linux-x86_64 | 0.7 | 3.39 | 61.03 | 64.42 | OK | |
r-patched-solaris-x86 | 0.7 | 131.00 | NOTE | |||
r-release-linux-x86_64 | 0.7 | 3.31 | 59.86 | 63.17 | OK | |
r-release-macos-x86_64 | 0.7 | NOTE | ||||
r-release-windows-ix86+x86_64 | 0.7 | 7.00 | 92.00 | 99.00 | OK | |
r-oldrel-macos-x86_64 | 0.7 | NOTE | ||||
r-oldrel-windows-ix86+x86_64 | 0.7 | 4.00 | 95.00 | 99.00 | OK |
Version: 0.7
Check: dependencies in R code
Result: NOTE
Namespaces in Imports field not imported from:
‘fields’ ‘knitr’
All declared Imports should be used.
Flavors: r-devel-linux-x86_64-fedora-clang, r-devel-linux-x86_64-fedora-gcc, r-patched-solaris-x86, r-release-macos-x86_64, r-oldrel-macos-x86_64