Last updated on 2020-09-17 02:08:06 CEST.
Flavor | Version | Tinstall | Tcheck | Ttotal | Status | Flags |
---|---|---|---|---|---|---|
r-devel-linux-x86_64-debian-clang | 0.1.3 | 3.60 | 26.90 | 30.50 | OK | |
r-devel-linux-x86_64-debian-gcc | 0.1.3 | 2.88 | 20.90 | 23.78 | OK | |
r-devel-linux-x86_64-fedora-clang | 0.1.3 | 46.57 | NOTE | |||
r-devel-linux-x86_64-fedora-gcc | 0.1.3 | 39.51 | NOTE | |||
r-devel-windows-ix86+x86_64 | 0.1.3 | 8.00 | 47.00 | 55.00 | OK | |
r-patched-linux-x86_64 | 0.1.3 | 3.81 | 26.64 | 30.45 | OK | |
r-patched-solaris-x86 | 0.1.3 | 54.70 | NOTE | |||
r-release-linux-x86_64 | 0.1.3 | 3.66 | 26.66 | 30.32 | OK | |
r-release-macos-x86_64 | 0.1.3 | NOTE | ||||
r-release-windows-ix86+x86_64 | 0.1.3 | 7.00 | 47.00 | 54.00 | OK | |
r-oldrel-macos-x86_64 | 0.1.3 | NOTE | ||||
r-oldrel-windows-ix86+x86_64 | 0.1.3 | 5.00 | 45.00 | 50.00 | OK |
Version: 0.1.3
Check: dependencies in R code
Result: NOTE
Namespace in Imports field not imported from: ‘R.utils’
All declared Imports should be used.
Flavors: r-devel-linux-x86_64-fedora-clang, r-devel-linux-x86_64-fedora-gcc, r-patched-solaris-x86, r-release-macos-x86_64, r-oldrel-macos-x86_64