CRAN Package Check Results for Package AntAngioCOOL

Last updated on 2020-09-17 02:08:06 CEST.

Flavor Version Tinstall Tcheck Ttotal Status Flags
r-devel-linux-x86_64-debian-clang 1.2 59.98 217.08 277.06 OK
r-devel-linux-x86_64-debian-gcc 1.2 52.49 167.29 219.78 OK
r-devel-linux-x86_64-fedora-clang 1.2 395.70 NOTE
r-devel-linux-x86_64-fedora-gcc 1.2 396.71 OK
r-devel-windows-ix86+x86_64 1.2 128.00 225.00 353.00 NOTE
r-patched-linux-x86_64 1.2 56.59 207.13 263.72 OK
r-release-linux-x86_64 1.2 57.91 205.90 263.81 OK
r-release-macos-x86_64 1.2 NOTE
r-release-windows-ix86+x86_64 1.2 130.00 234.00 364.00 NOTE
r-oldrel-macos-x86_64 1.2 NOTE
r-oldrel-windows-ix86+x86_64 1.2 117.00 229.00 346.00 NOTE

Check Details

Version: 1.2
Check: installed package size
Result: NOTE
     installed size is 35.4Mb
     sub-directories of 1Mb or more:
     R 35.3Mb
Flavors: r-devel-linux-x86_64-fedora-clang, r-devel-windows-ix86+x86_64, r-release-macos-x86_64, r-release-windows-ix86+x86_64, r-oldrel-macos-x86_64, r-oldrel-windows-ix86+x86_64