CRAN Package Check Results for Package AnthropMMD

Last updated on 2020-09-17 02:08:06 CEST.

Flavor Version Tinstall Tcheck Ttotal Status Flags
r-devel-linux-x86_64-debian-clang 3.1.0 14.68 116.86 131.54 OK
r-devel-linux-x86_64-debian-gcc 3.1.0 12.13 88.38 100.51 OK
r-devel-linux-x86_64-fedora-clang 3.1.0 171.91 OK
r-devel-linux-x86_64-fedora-gcc 3.1.0 170.81 OK
r-devel-windows-ix86+x86_64 3.1.0 37.00 152.00 189.00 OK
r-patched-linux-x86_64 3.1.0 12.84 112.94 125.78 OK
r-patched-solaris-x86 3.1.0 231.70 OK
r-release-linux-x86_64 3.1.0 14.13 113.44 127.57 OK
r-release-macos-x86_64 3.1.0 OK
r-release-windows-ix86+x86_64 3.1.0 35.00 152.00 187.00 OK
r-oldrel-macos-x86_64 3.1.0 ERROR
r-oldrel-windows-ix86+x86_64 3.0.1 37.00 189.00 226.00 OK

Check Details

Version: 3.1.0
Check: whether package can be installed
Result: ERROR
    Installation failed.
Flavor: r-oldrel-macos-x86_64