CRAN Package Check Results for Package BayesTree

Last updated on 2020-09-17 02:08:07 CEST.

Flavor Version Tinstall Tcheck Ttotal Status Flags
r-devel-linux-x86_64-debian-clang 0.3-1.4 16.75 26.13 42.88 OK
r-devel-linux-x86_64-debian-gcc 0.3-1.4 11.20 21.33 32.53 OK
r-devel-linux-x86_64-fedora-clang 0.3-1.4 73.61 NOTE
r-devel-linux-x86_64-fedora-gcc 0.3-1.4 53.38 NOTE
r-devel-windows-ix86+x86_64 0.3-1.4 40.00 70.00 110.00 OK
r-patched-linux-x86_64 0.3-1.4 11.94 26.06 38.00 OK
r-patched-solaris-x86 0.3-1.4 86.70 OK
r-release-linux-x86_64 0.3-1.4 12.18 25.89 38.07 OK
r-release-macos-x86_64 0.3-1.4 OK
r-release-windows-ix86+x86_64 0.3-1.4 42.00 52.00 94.00 OK
r-oldrel-macos-x86_64 0.3-1.4 OK
r-oldrel-windows-ix86+x86_64 0.3-1.4 30.00 68.00 98.00 OK

Check Details

Version: 0.3-1.4
Check: compiled code
Result: NOTE
    File ‘BayesTree/libs/BayesTree.so’:
     Found no calls to: ‘R_registerRoutines’, ‘R_useDynamicSymbols’
    
    It is good practice to register native routines and to disable symbol
    search.
    
    See ‘Writing portable packages’ in the ‘Writing R Extensions’ manual.
Flavors: r-devel-linux-x86_64-fedora-clang, r-devel-linux-x86_64-fedora-gcc