Last updated on 2020-09-17 02:08:07 CEST.
Flavor | Version | Tinstall | Tcheck | Ttotal | Status | Flags |
---|---|---|---|---|---|---|
r-devel-linux-x86_64-debian-clang | 0.6 | 10.87 | 19.89 | 30.76 | OK | |
r-devel-linux-x86_64-debian-gcc | 0.6 | 6.88 | 15.82 | 22.70 | OK | |
r-devel-linux-x86_64-fedora-clang | 0.6 | 51.59 | NOTE | |||
r-devel-linux-x86_64-fedora-gcc | 0.6 | 38.23 | NOTE | |||
r-devel-windows-ix86+x86_64 | 0.6 | 32.00 | 57.00 | 89.00 | OK | |
r-patched-linux-x86_64 | 0.6 | 8.72 | 19.70 | 28.42 | OK | |
r-patched-solaris-x86 | 0.6 | 57.10 | OK | |||
r-release-linux-x86_64 | 0.6 | 7.95 | 19.77 | 27.72 | OK | |
r-release-macos-x86_64 | 0.6 | OK | ||||
r-release-windows-ix86+x86_64 | 0.6 | 34.00 | 65.00 | 99.00 | OK | |
r-oldrel-macos-x86_64 | 0.6 | OK | ||||
r-oldrel-windows-ix86+x86_64 | 0.6 | 38.00 | 47.00 | 85.00 | OK |
Version: 0.6
Check: compiled code
Result: NOTE
File ‘Bmix/libs/Bmix.so’:
Found no calls to: ‘R_registerRoutines’, ‘R_useDynamicSymbols’
It is good practice to register native routines and to disable symbol
search.
See ‘Writing portable packages’ in the ‘Writing R Extensions’ manual.
Flavors: r-devel-linux-x86_64-fedora-clang, r-devel-linux-x86_64-fedora-gcc