Last updated on 2020-09-17 02:08:08 CEST.
Flavor | Version | Tinstall | Tcheck | Ttotal | Status | Flags |
---|---|---|---|---|---|---|
r-devel-linux-x86_64-debian-clang | 3.0.0 | 12.88 | 103.36 | 116.24 | OK | |
r-devel-linux-x86_64-debian-gcc | 3.0.0 | 9.24 | 76.22 | 85.46 | OK | |
r-devel-linux-x86_64-fedora-clang | 3.0.0 | 146.94 | NOTE | |||
r-devel-linux-x86_64-fedora-gcc | 3.0.0 | 145.92 | NOTE | |||
r-devel-windows-ix86+x86_64 | 3.0.0 | 27.00 | 151.00 | 178.00 | OK | |
r-patched-linux-x86_64 | 3.0.0 | 8.38 | 98.37 | 106.75 | OK | |
r-patched-solaris-x86 | 3.0.0 | 196.50 | NOTE | |||
r-release-linux-x86_64 | 3.0.0 | 7.53 | 98.68 | 106.21 | OK | |
r-release-macos-x86_64 | 3.0.0 | NOTE | ||||
r-release-windows-ix86+x86_64 | 3.0.0 | 27.00 | 159.00 | 186.00 | OK | |
r-oldrel-macos-x86_64 | 3.0.0 | NOTE | ||||
r-oldrel-windows-ix86+x86_64 | 3.0.0 | 23.00 | 120.00 | 143.00 | OK |
Version: 3.0.0
Check: dependencies in R code
Result: NOTE
Namespaces in Imports field not imported from:
‘qgraph’ ‘reshape2’
All declared Imports should be used.
Flavors: r-devel-linux-x86_64-fedora-clang, r-devel-linux-x86_64-fedora-gcc, r-patched-solaris-x86, r-release-macos-x86_64, r-oldrel-macos-x86_64