CRAN Package Check Results for Package CARBayesST

Last updated on 2020-09-17 02:08:08 CEST.

Flavor Version Tinstall Tcheck Ttotal Status Flags
r-devel-linux-x86_64-debian-clang 3.1 71.04 261.59 332.63 OK
r-devel-linux-x86_64-debian-gcc 3.1 63.39 196.60 259.99 OK
r-devel-linux-x86_64-fedora-clang 3.1 427.59 NOTE
r-devel-linux-x86_64-fedora-gcc 3.1 419.73 OK
r-devel-windows-ix86+x86_64 3.1 154.00 415.00 569.00 OK
r-patched-linux-x86_64 3.1 61.79 255.56 317.35 OK
r-patched-solaris-x86 3.1 511.60 OK
r-release-linux-x86_64 3.1 71.43 253.03 324.46 OK
r-release-macos-x86_64 3.1 NOTE
r-release-windows-ix86+x86_64 3.1 148.00 391.00 539.00 OK
r-oldrel-macos-x86_64 3.1 NOTE
r-oldrel-windows-ix86+x86_64 3.1 139.00 366.00 505.00 OK

Check Details

Version: 3.1
Check: installed package size
Result: NOTE
     installed size is 5.9Mb
     sub-directories of 1Mb or more:
     libs 4.6Mb
Flavors: r-devel-linux-x86_64-fedora-clang, r-release-macos-x86_64, r-oldrel-macos-x86_64