Last updated on 2020-09-17 02:08:08 CEST.
Flavor | Version | Tinstall | Tcheck | Ttotal | Status | Flags |
---|---|---|---|---|---|---|
r-devel-linux-x86_64-debian-clang | 1.3.6 | 27.33 | 325.52 | 352.85 | OK | |
r-devel-linux-x86_64-debian-gcc | 1.3.6 | 19.39 | 242.45 | 261.84 | OK | |
r-devel-linux-x86_64-fedora-clang | 1.3.6 | 417.37 | OK | |||
r-devel-linux-x86_64-fedora-gcc | 1.3.6 | 472.20 | OK | |||
r-devel-windows-ix86+x86_64 | 1.3.6 | 41.00 | 559.00 | 600.00 | OK | |
r-patched-linux-x86_64 | 1.3.6 | 27.59 | 319.34 | 346.93 | OK | |
r-patched-solaris-x86 | 1.3.6 | 535.70 | NOTE | |||
r-release-linux-x86_64 | 1.3.6 | 25.78 | 321.27 | 347.05 | OK | |
r-release-macos-x86_64 | 1.3.6 | OK | ||||
r-release-windows-ix86+x86_64 | 1.3.6 | 39.00 | 582.00 | 621.00 | OK | |
r-oldrel-macos-x86_64 | 1.3.6 | OK | ||||
r-oldrel-windows-ix86+x86_64 | 1.3.6 | 28.00 | 576.00 | 604.00 | OK |
Version: 1.3.6
Check: installed package size
Result: NOTE
installed size is 5.1Mb
sub-directories of 1Mb or more:
doc 2.8Mb
Flavor: r-patched-solaris-x86