CRAN Package Check Results for Package CLUSTShiny

Last updated on 2020-09-17 02:08:08 CEST.

Flavor Version Tinstall Tcheck Ttotal Status Flags
r-devel-linux-x86_64-debian-clang 0.1.0 2.14 17.89 20.03 OK
r-devel-linux-x86_64-debian-gcc 0.1.0 1.72 14.23 15.95 OK
r-devel-linux-x86_64-fedora-clang 0.1.0 35.25 NOTE
r-devel-linux-x86_64-fedora-gcc 0.1.0 25.80 NOTE
r-devel-windows-ix86+x86_64 0.1.0 6.00 42.00 48.00 OK
r-patched-linux-x86_64 0.1.0 1.96 17.89 19.85 OK
r-patched-solaris-x86 0.1.0 37.70 NOTE
r-release-linux-x86_64 0.1.0 1.75 17.81 19.56 OK
r-release-macos-x86_64 0.1.0 NOTE
r-release-windows-ix86+x86_64 0.1.0 6.00 38.00 44.00 OK
r-oldrel-macos-x86_64 0.1.0 NOTE
r-oldrel-windows-ix86+x86_64 0.1.0 4.00 33.00 37.00 OK

Check Details

Version: 0.1.0
Check: dependencies in R code
Result: NOTE
    Namespaces in Imports field not imported from:
     ‘MASS’ ‘cluster’ ‘datasets’ ‘dplyr’ ‘klaR’ ‘psycho’ ‘shiny’
     All declared Imports should be used.
Flavors: r-devel-linux-x86_64-fedora-clang, r-devel-linux-x86_64-fedora-gcc, r-patched-solaris-x86, r-release-macos-x86_64, r-oldrel-macos-x86_64