CRAN Package Check Results for Package CNVScope

Last updated on 2020-09-17 02:08:08 CEST.

Flavor Version Tinstall Tcheck Ttotal Status Flags
r-devel-linux-x86_64-debian-clang 3.1.8 43.13 589.43 632.56 OK
r-devel-linux-x86_64-debian-gcc 3.1.8 34.68 451.66 486.34 OK
r-devel-linux-x86_64-fedora-clang 3.1.8 831.52 OK
r-devel-linux-x86_64-fedora-gcc 3.1.8 879.60 OK
r-devel-windows-ix86+x86_64 3.1.8 147.00 722.00 869.00 OK
r-patched-linux-x86_64 3.1.8 42.66 571.58 614.24 OK
r-patched-solaris-x86 3.1.8 1184.50 NOTE
r-release-linux-x86_64 3.1.8 42.14 578.10 620.24 OK
r-release-macos-x86_64 3.1.8 ERROR
r-release-windows-ix86+x86_64 3.1.8 142.00 711.00 853.00 OK
r-oldrel-macos-x86_64 3.1.8 ERROR
r-oldrel-windows-ix86+x86_64 3.1.8 119.00 654.00 773.00 OK

Check Details

Version: 3.1.8
Check: installed package size
Result: NOTE
     installed size is 5.2Mb
     sub-directories of 1Mb or more:
     doc 3.1Mb
     extdata 1.8Mb
Flavor: r-patched-solaris-x86

Version: 3.1.8
Check: package dependencies
Result: ERROR
    Package required but not available: ‘GenomicInteractions’
    
    Package suggested but not available for checking: ‘InteractionSet’
    
    See section ‘The DESCRIPTION file’ in the ‘Writing R Extensions’
    manual.
Flavor: r-release-macos-x86_64

Version: 3.1.8
Check: package dependencies
Result: ERROR
    Package required but not available: ‘GenomicInteractions’
    
    Packages suggested but not available for checking:
     'InteractionSet', 'BSgenome.Hsapiens.UCSC.hg19'
    
    See section ‘The DESCRIPTION file’ in the ‘Writing R Extensions’
    manual.
Flavor: r-oldrel-macos-x86_64