Last updated on 2020-09-17 02:08:08 CEST.
Flavor | Version | Tinstall | Tcheck | Ttotal | Status | Flags |
---|---|---|---|---|---|---|
r-devel-linux-x86_64-debian-clang | 1.2.2 | 69.74 | 192.14 | 261.88 | OK | |
r-devel-linux-x86_64-debian-gcc | 1.2.2 | 56.64 | 160.25 | 216.89 | OK | |
r-devel-linux-x86_64-fedora-clang | 1.2.2 | 333.82 | NOTE | |||
r-devel-linux-x86_64-fedora-gcc | 1.2.2 | 383.61 | OK | |||
r-devel-windows-ix86+x86_64 | 1.2.2 | 147.00 | 266.00 | 413.00 | OK | |
r-patched-linux-x86_64 | 1.2.2 | 61.12 | 167.91 | 229.03 | OK | |
r-patched-solaris-x86 | 1.2.2 | 460.40 | WARN | |||
r-release-linux-x86_64 | 1.2.2 | 62.26 | 171.14 | 233.40 | OK | |
r-release-macos-x86_64 | 1.2.2 | NOTE | ||||
r-release-windows-ix86+x86_64 | 1.2.2 | 149.00 | 283.00 | 432.00 | OK | |
r-oldrel-macos-x86_64 | 1.2.2 | NOTE | ||||
r-oldrel-windows-ix86+x86_64 | 1.2.2 | 118.00 | 297.00 | 415.00 | OK |
Version: 1.2.2
Check: installed package size
Result: NOTE
installed size is 9.1Mb
sub-directories of 1Mb or more:
libs 7.8Mb
Flavors: r-devel-linux-x86_64-fedora-clang, r-release-macos-x86_64, r-oldrel-macos-x86_64
Version: 1.2.2
Check: re-building of vignette outputs
Result: WARN
Error(s) in re-building vignettes:
...
--- re-building ‘the_clusterR_package.Rmd’ using rmarkdown
Warning in engine$weave(file, quiet = quiet, encoding = enc) :
Pandoc (>= 1.12.3) and/or pandoc-citeproc not available. Falling back to R Markdown v1.
Quitting from lines 403-416 (the_clusterR_package.Rmd)
Error: processing vignette 'the_clusterR_package.Rmd' failed with diagnostics:
std::bad_alloc
--- failed re-building ‘the_clusterR_package.Rmd’
SUMMARY: processing the following file failed:
‘the_clusterR_package.Rmd’
Error: Vignette re-building failed.
Execution halted
Flavor: r-patched-solaris-x86