CRAN Package Check Results for Package ComparisonCR

Last updated on 2020-09-17 02:08:09 CEST.

Flavor Version Tinstall Tcheck Ttotal Status Flags
r-devel-linux-x86_64-debian-clang 1.0.4 8.61 62.80 71.41 OK
r-devel-linux-x86_64-debian-gcc 1.0.4 6.44 47.94 54.38 OK
r-devel-linux-x86_64-fedora-clang 1.0.4 95.48 OK
r-devel-linux-x86_64-fedora-gcc 1.0.4 89.98 OK
r-devel-windows-ix86+x86_64 1.0.4 17.00 82.00 99.00 OK
r-patched-linux-x86_64 1.0.4 9.04 61.70 70.74 OK
r-patched-solaris-x86 1.0.4 132.80 OK
r-release-linux-x86_64 1.0.4 7.87 62.72 70.59 OK
r-release-macos-x86_64 1.0.4 OK
r-release-windows-ix86+x86_64 1.0.4 18.00 66.00 84.00 OK
r-oldrel-macos-x86_64 1.0.4 ERROR

Check Details

Version: 1.0.4
Check: whether package can be installed
Result: ERROR
    Installation failed.
Flavor: r-oldrel-macos-x86_64