Last updated on 2020-09-17 02:08:09 CEST.
Flavor | Version | Tinstall | Tcheck | Ttotal | Status | Flags |
---|---|---|---|---|---|---|
r-devel-linux-x86_64-debian-clang | 0.5.3 | 77.13 | 95.27 | 172.40 | OK | |
r-devel-linux-x86_64-debian-gcc | 0.5.3 | 59.82 | 72.61 | 132.43 | OK | |
r-devel-linux-x86_64-fedora-clang | 0.5.3 | 238.00 | OK | |||
r-devel-linux-x86_64-fedora-gcc | 0.5.3 | 238.09 | OK | |||
r-devel-windows-ix86+x86_64 | 0.5.3 | 179.00 | 187.00 | 366.00 | OK | |
r-patched-linux-x86_64 | 0.5.3 | 60.27 | 94.42 | 154.69 | OK | |
r-patched-solaris-x86 | 0.5.3 | 269.70 | OK | |||
r-release-linux-x86_64 | 0.5.3 | 67.18 | 93.29 | 160.47 | OK | |
r-release-macos-x86_64 | 0.5.3 | OK | ||||
r-release-windows-ix86+x86_64 | 0.5.3 | 182.00 | 202.00 | 384.00 | OK | |
r-oldrel-macos-x86_64 | 0.5.3 | WARN | ||||
r-oldrel-windows-ix86+x86_64 | 0.5.3 | 156.00 | 178.00 | 334.00 | OK |
Version: 0.5.3
Check: whether package can be installed
Result: WARN
Found the following significant warnings:
Warning: 'rgl_init' failed, running with rgl.useNULL = TRUE
Flavor: r-oldrel-macos-x86_64
Version: 0.5.3
Check: dependencies in R code
Result: NOTE
No protocol specified
Flavor: r-oldrel-macos-x86_64
Version: 0.5.3
Check: S3 generic/method consistency
Result: WARN
No protocol specified
See section ‘Generic functions and methods’ in the ‘Writing R
Extensions’ manual.
Flavor: r-oldrel-macos-x86_64
Version: 0.5.3
Check: replacement functions
Result: WARN
No protocol specified
The argument of a replacement function which corresponds to the right
hand side must be named ‘value’.
Flavor: r-oldrel-macos-x86_64
Version: 0.5.3
Check: foreign function calls
Result: NOTE
No protocol specified
See chapter ‘System and foreign language interfaces’ in the ‘Writing R
Extensions’ manual.
Flavor: r-oldrel-macos-x86_64
Version: 0.5.3
Check: R code for possible problems
Result: NOTE
No protocol specified
Flavor: r-oldrel-macos-x86_64
Version: 0.5.3
Check: Rd files
Result: WARN
No protocol specified
prepare_Rd: RGL: unable to open X11 display
prepare_Rd: 'rgl_init' failed, running with rgl.useNULL = TRUE
Flavor: r-oldrel-macos-x86_64
Version: 0.5.3
Check: for missing documentation entries
Result: WARN
No protocol specified
All user-level objects in a package should have documentation entries.
See chapter ‘Writing R documentation files’ in the ‘Writing R
Extensions’ manual.
Flavor: r-oldrel-macos-x86_64
Version: 0.5.3
Check: for code/documentation mismatches
Result: WARN
No protocol specified
No protocol specified
No protocol specified
Flavor: r-oldrel-macos-x86_64
Version: 0.5.3
Check: Rd \usage sections
Result: NOTE
No protocol specified
The \usage entries for S3 methods should use the \method markup and not
their full name.
See chapter ‘Writing R documentation files’ in the ‘Writing R
Extensions’ manual.
Flavor: r-oldrel-macos-x86_64