CRAN Package Check Results for Package DGCA

Last updated on 2020-09-17 02:08:10 CEST.

Flavor Version Tinstall Tcheck Ttotal Status Flags
r-devel-linux-x86_64-debian-clang 1.0.2 24.41 215.20 239.61 OK
r-devel-linux-x86_64-debian-gcc 1.0.2 20.21 161.60 181.81 OK
r-devel-linux-x86_64-fedora-clang 1.0.2 299.30 OK
r-devel-linux-x86_64-fedora-gcc 1.0.2 310.49 OK
r-devel-windows-ix86+x86_64 1.0.2 53.00 274.00 327.00 NOTE
r-patched-linux-x86_64 1.0.2 21.47 206.60 228.07 OK
r-patched-solaris-x86 1.0.2 403.00 OK
r-release-linux-x86_64 1.0.2 17.58 205.60 223.18 OK
r-release-macos-x86_64 1.0.2 OK
r-release-windows-ix86+x86_64 1.0.2 55.00 249.00 304.00 NOTE
r-oldrel-macos-x86_64 1.0.2 ERROR
r-oldrel-windows-ix86+x86_64 1.0.2 46.00 238.00 284.00 NOTE

Check Details

Version: 1.0.2
Check: package dependencies
Result: NOTE
    Package suggested but not available for checking: 'doMC'
Flavors: r-devel-windows-ix86+x86_64, r-release-windows-ix86+x86_64, r-oldrel-windows-ix86+x86_64

Version: 1.0.2
Check: package dependencies
Result: ERROR
    Package required but not available: ‘WGCNA’
    
    Package suggested but not available for checking: ‘org.Hs.eg.db’
    
    See section ‘The DESCRIPTION file’ in the ‘Writing R Extensions’
    manual.
Flavor: r-oldrel-macos-x86_64