Last updated on 2020-09-17 02:08:10 CEST.
Flavor | Version | Tinstall | Tcheck | Ttotal | Status | Flags |
---|---|---|---|---|---|---|
r-devel-linux-x86_64-debian-clang | 0.0.4 | 2.34 | 23.71 | 26.05 | OK | |
r-devel-linux-x86_64-debian-gcc | 0.0.4 | 1.88 | 18.53 | 20.41 | OK | |
r-devel-linux-x86_64-fedora-clang | 0.0.4 | 41.55 | OK | |||
r-devel-linux-x86_64-fedora-gcc | 0.0.4 | 32.19 | OK | |||
r-devel-windows-ix86+x86_64 | 0.0.4 | 7.00 | 45.00 | 52.00 | OK | |
r-patched-linux-x86_64 | 0.0.4 | 2.16 | 23.25 | 25.41 | OK | |
r-patched-solaris-x86 | 0.0.4 | 4.50 | ERROR | |||
r-release-linux-x86_64 | 0.0.4 | 2.16 | 23.77 | 25.93 | OK | |
r-release-macos-x86_64 | 0.0.4 | OK | ||||
r-release-windows-ix86+x86_64 | 0.0.4 | 6.00 | 46.00 | 52.00 | OK | |
r-oldrel-macos-x86_64 | 0.0.4 | OK | ||||
r-oldrel-windows-ix86+x86_64 | 0.0.4 | 4.00 | 43.00 | 47.00 | OK |
Version: 0.0.4
Check: package dependencies
Result: ERROR
Package required but not available: ‘RPostgres’
See section ‘The DESCRIPTION file’ in the ‘Writing R Extensions’
manual.
Flavor: r-patched-solaris-x86