Last updated on 2020-09-17 02:08:09 CEST.
Flavor | Version | Tinstall | Tcheck | Ttotal | Status | Flags |
---|---|---|---|---|---|---|
r-devel-linux-x86_64-debian-clang | 0.7-9 | 21.75 | 167.47 | 189.22 | OK | |
r-devel-linux-x86_64-debian-gcc | 0.7-9 | 18.55 | 124.64 | 143.19 | OK | |
r-devel-linux-x86_64-fedora-clang | 0.7-9 | 213.34 | OK | |||
r-devel-linux-x86_64-fedora-gcc | 0.7-9 | 217.52 | OK | |||
r-devel-windows-ix86+x86_64 | 0.7-9 | 46.00 | 206.00 | 252.00 | OK | |
r-patched-linux-x86_64 | 0.7-9 | 20.63 | 161.28 | 181.91 | OK | |
r-patched-solaris-x86 | 0.7-9 | 291.90 | NOTE | |||
r-release-linux-x86_64 | 0.7-9 | 19.97 | 161.77 | 181.74 | OK | |
r-release-macos-x86_64 | 0.7-9 | OK | ||||
r-release-windows-ix86+x86_64 | 0.7-9 | 45.00 | 183.00 | 228.00 | OK | |
r-oldrel-macos-x86_64 | 0.7-9 | OK | ||||
r-oldrel-windows-ix86+x86_64 | 0.7-9 | 38.00 | 176.00 | 214.00 | OK |
Version: 0.7-9
Check: package dependencies
Result: NOTE
Package suggested but not available for checking: ‘XLConnect’
Flavor: r-patched-solaris-x86