Last updated on 2020-09-17 02:08:10 CEST.
Flavor | Version | Tinstall | Tcheck | Ttotal | Status | Flags |
---|---|---|---|---|---|---|
r-devel-linux-x86_64-debian-clang | 1.3-4 | 24.53 | 42.48 | 67.01 | OK | |
r-devel-linux-x86_64-debian-gcc | 1.3-4 | 17.72 | 33.36 | 51.08 | OK | |
r-devel-linux-x86_64-fedora-clang | 1.3-4 | 97.38 | NOTE | |||
r-devel-linux-x86_64-fedora-gcc | 1.3-4 | 90.45 | OK | |||
r-devel-windows-ix86+x86_64 | 1.3-4 | 54.00 | 90.00 | 144.00 | OK | |
r-patched-linux-x86_64 | 1.3-4 | 18.52 | 41.95 | 60.47 | OK | |
r-patched-solaris-x86 | 1.3-4 | 106.00 | OK | |||
r-release-linux-x86_64 | 1.3-4 | 18.17 | 41.98 | 60.15 | OK | |
r-release-macos-x86_64 | 1.3-4 | OK | ||||
r-release-windows-ix86+x86_64 | 1.3-4 | 55.00 | 91.00 | 146.00 | OK | |
r-oldrel-macos-x86_64 | 1.3-4 | OK | ||||
r-oldrel-windows-ix86+x86_64 | 1.3-4 | 42.00 | 81.00 | 123.00 | OK |
Version: 1.3-4
Check: Rd cross-references
Result: NOTE
Undeclared package ‘discreteMTP’ in Rd xrefs
Flavor: r-devel-linux-x86_64-fedora-clang