Last updated on 2020-09-17 02:08:11 CEST.
Flavor | Version | Tinstall | Tcheck | Ttotal | Status | Flags |
---|---|---|---|---|---|---|
r-devel-linux-x86_64-debian-clang | 1.0.1 | 31.19 | 323.89 | 355.08 | OK | |
r-devel-linux-x86_64-debian-gcc | 1.0.1 | 25.95 | 238.22 | 264.17 | OK | |
r-devel-linux-x86_64-fedora-clang | 1.0.1 | 464.73 | NOTE | |||
r-devel-linux-x86_64-fedora-gcc | 1.0.1 | 464.24 | NOTE | |||
r-devel-windows-ix86+x86_64 | 1.0.1 | 64.00 | 378.00 | 442.00 | OK | |
r-patched-linux-x86_64 | 1.0.1 | 21.49 | 312.90 | 334.39 | OK | |
r-patched-solaris-x86 | 1.0.1 | 727.60 | NOTE | |||
r-release-linux-x86_64 | 1.0.1 | 21.88 | 314.87 | 336.75 | OK | |
r-release-macos-x86_64 | 1.0.1 | NOTE | ||||
r-release-windows-ix86+x86_64 | 1.0.1 | 58.00 | 388.00 | 446.00 | OK | |
r-oldrel-macos-x86_64 | 1.0.1 | NOTE | ||||
r-oldrel-windows-ix86+x86_64 | 1.0.1 | 54.00 | 358.00 | 412.00 | OK |
Version: 1.0.1
Check: dependencies in R code
Result: NOTE
Namespace in Imports field not imported from: ‘rgdal’
All declared Imports should be used.
Flavors: r-devel-linux-x86_64-fedora-clang, r-devel-linux-x86_64-fedora-gcc, r-patched-solaris-x86, r-release-macos-x86_64, r-oldrel-macos-x86_64