CRAN Package Check Results for Package Ecdat

Last updated on 2020-09-17 02:08:11 CEST.

Flavor Version Tinstall Tcheck Ttotal Status Flags
r-devel-linux-x86_64-debian-clang 0.3-7 9.65 52.66 62.31 OK
r-devel-linux-x86_64-debian-gcc 0.3-7 8.03 40.12 48.15 OK
r-devel-linux-x86_64-fedora-clang 0.3-7 83.81 NOTE
r-devel-linux-x86_64-fedora-gcc 0.3-7 78.74 OK
r-devel-windows-ix86+x86_64 0.3-7 24.00 80.00 104.00 OK
r-patched-linux-x86_64 0.3-7 9.85 51.79 61.64 OK
r-patched-solaris-x86 0.3-7 108.70 OK
r-release-linux-x86_64 0.3-7 8.49 51.29 59.78 OK
r-release-macos-x86_64 0.3-7 OK
r-release-windows-ix86+x86_64 0.3-7 27.00 79.00 106.00 OK
r-oldrel-macos-x86_64 0.3-7 OK
r-oldrel-windows-ix86+x86_64 0.3-7 22.00 78.00 100.00 OK

Check Details

Version: 0.3-7
Check: Rd cross-references
Result: NOTE
    Undeclared packages ‘plm’, ‘gdata’, ‘carData’, ‘wooldridge’ in Rd xrefs
Flavor: r-devel-linux-x86_64-fedora-clang