Last updated on 2020-09-17 02:08:11 CEST.
Flavor | Version | Tinstall | Tcheck | Ttotal | Status | Flags |
---|---|---|---|---|---|---|
r-devel-linux-x86_64-debian-clang | 0.2-2 | 16.95 | 140.43 | 157.38 | OK | |
r-devel-linux-x86_64-debian-gcc | 0.2-2 | 13.19 | 104.89 | 118.08 | OK | |
r-devel-linux-x86_64-fedora-clang | 0.2-2 | 196.09 | NOTE | |||
r-devel-linux-x86_64-fedora-gcc | 0.2-2 | 200.17 | OK | |||
r-devel-windows-ix86+x86_64 | 0.2-2 | 31.00 | 194.00 | 225.00 | OK | |
r-patched-linux-x86_64 | 0.2-2 | 12.10 | 138.09 | 150.19 | OK | |
r-patched-solaris-x86 | 0.2-2 | 261.60 | OK | |||
r-release-linux-x86_64 | 0.2-2 | 13.62 | 138.60 | 152.22 | OK | |
r-release-macos-x86_64 | 0.2-2 | OK | ||||
r-release-windows-ix86+x86_64 | 0.2-2 | 29.00 | 205.00 | 234.00 | OK | |
r-oldrel-macos-x86_64 | 0.2-2 | OK | ||||
r-oldrel-windows-ix86+x86_64 | 0.2-2 | 25.00 | 176.00 | 201.00 | OK |
Version: 0.2-2
Check: Rd cross-references
Result: NOTE
Undeclared packages ‘EnvStats’, ‘drc’, ‘zoo’, ‘openxlsx’, ‘prodlim’, ‘plyr’, ‘TRAMPR’, ‘raster’ in Rd xrefs
Flavor: r-devel-linux-x86_64-fedora-clang