CRAN Package Check Results for Package EffectsRelBaseline

Last updated on 2020-09-17 02:08:11 CEST.

Flavor Version Tinstall Tcheck Ttotal Status Flags
r-devel-linux-x86_64-debian-clang 0.5 1.80 19.58 21.38 NOTE
r-devel-linux-x86_64-debian-gcc 0.5 1.56 15.69 17.25 NOTE
r-devel-linux-x86_64-fedora-clang 0.5 35.69 NOTE
r-devel-linux-x86_64-fedora-gcc 0.5 27.35 NOTE
r-devel-windows-ix86+x86_64 0.5 4.00 38.00 42.00 NOTE
r-patched-linux-x86_64 0.5 1.63 19.53 21.16 NOTE
r-patched-solaris-x86 0.5 43.20 NOTE
r-release-linux-x86_64 0.5 1.88 19.60 21.48 NOTE
r-release-macos-x86_64 0.5 NOTE
r-release-windows-ix86+x86_64 0.5 4.00 32.00 36.00 NOTE
r-oldrel-macos-x86_64 0.5 NOTE
r-oldrel-windows-ix86+x86_64 0.5 3.00 38.00 41.00 NOTE

Check Details

Version: 0.5
Check: DESCRIPTION meta-information
Result: NOTE
    Malformed Title field: should not end in a period.
Flavors: r-devel-linux-x86_64-debian-clang, r-devel-linux-x86_64-debian-gcc, r-devel-linux-x86_64-fedora-clang, r-devel-linux-x86_64-fedora-gcc, r-devel-windows-ix86+x86_64, r-patched-linux-x86_64, r-patched-solaris-x86, r-release-linux-x86_64, r-release-macos-x86_64, r-release-windows-ix86+x86_64, r-oldrel-macos-x86_64, r-oldrel-windows-ix86+x86_64

Version: 0.5
Check: Rd cross-references
Result: NOTE
    Undeclared package ‘PsumtSim’ in Rd xrefs
Flavor: r-devel-linux-x86_64-fedora-clang