Last updated on 2020-09-17 02:08:11 CEST.
Flavor | Version | Tinstall | Tcheck | Ttotal | Status | Flags |
---|---|---|---|---|---|---|
r-devel-linux-x86_64-debian-clang | 1.0.4 | 11.81 | 99.91 | 111.72 | OK | |
r-devel-linux-x86_64-debian-gcc | 1.0.4 | 9.50 | 74.80 | 84.30 | OK | |
r-devel-linux-x86_64-fedora-clang | 1.0.4 | 140.78 | OK | |||
r-devel-linux-x86_64-fedora-gcc | 1.0.4 | 146.06 | OK | |||
r-devel-windows-ix86+x86_64 | 1.0.4 | 24.00 | 173.00 | 197.00 | OK | |
r-patched-linux-x86_64 | 1.0.4 | 10.75 | 97.01 | 107.76 | OK | |
r-patched-solaris-x86 | 1.0.4 | 178.50 | OK | |||
r-release-linux-x86_64 | 1.0.4 | 9.20 | 97.49 | 106.69 | OK | |
r-release-macos-x86_64 | 1.0.4 | NOTE | ||||
r-release-windows-ix86+x86_64 | 1.0.4 | 26.00 | 141.00 | 167.00 | OK | |
r-oldrel-macos-x86_64 | 1.0.4 | NOTE | ||||
r-oldrel-windows-ix86+x86_64 | 1.0.4 | 17.00 | 164.00 | 181.00 | OK |
Version: 1.0.4
Check: package dependencies
Result: NOTE
Package suggested but not available for checking: ‘Rmpi’
Flavors: r-release-macos-x86_64, r-oldrel-macos-x86_64