CRAN Package Check Results for Package Epi

Last updated on 2020-09-17 02:08:11 CEST.

Flavor Version Tinstall Tcheck Ttotal Status Flags
r-devel-linux-x86_64-debian-clang 2.41 24.35 451.13 475.48 OK
r-devel-linux-x86_64-debian-gcc 2.41 17.77 331.87 349.64 OK
r-devel-linux-x86_64-fedora-clang 2.41 570.49 NOTE
r-devel-linux-x86_64-fedora-gcc 2.41 601.82 OK
r-devel-windows-ix86+x86_64 2.41 43.00 655.00 698.00 OK
r-patched-linux-x86_64 2.41 22.36 453.36 475.72 OK
r-patched-solaris-x86 2.41 860.70 OK
r-release-linux-x86_64 2.41 23.49 455.96 479.45 OK
r-release-macos-x86_64 2.41 OK
r-release-windows-ix86+x86_64 2.41 46.00 682.00 728.00 OK
r-oldrel-macos-x86_64 2.41 OK
r-oldrel-windows-ix86+x86_64 2.41 41.00 662.00 703.00 OK

Check Details

Version: 2.41
Check: Rd cross-references
Result: NOTE
    Undeclared packages ‘ilc’, ‘demography’ in Rd xrefs
Flavor: r-devel-linux-x86_64-fedora-clang