Last updated on 2020-09-17 02:08:11 CEST.
Flavor | Version | Tinstall | Tcheck | Ttotal | Status | Flags |
---|---|---|---|---|---|---|
r-devel-linux-x86_64-debian-clang | 0.1.1 | 12.92 | 125.59 | 138.51 | OK | |
r-devel-linux-x86_64-debian-gcc | 0.1.1 | 11.05 | 94.36 | 105.41 | OK | |
r-devel-linux-x86_64-fedora-clang | 0.1.1 | 180.12 | OK | |||
r-devel-linux-x86_64-fedora-gcc | 0.1.1 | 174.13 | OK | |||
r-devel-windows-ix86+x86_64 | 0.1.1 | 34.00 | 161.00 | 195.00 | OK | |
r-patched-linux-x86_64 | 0.1.1 | 11.42 | 120.54 | 131.96 | OK | |
r-patched-solaris-x86 | 0.1.1 | 248.30 | NOTE | |||
r-release-linux-x86_64 | 0.1.1 | 9.54 | 120.89 | 130.43 | OK | |
r-release-macos-x86_64 | 0.1.1 | OK | ||||
r-release-windows-ix86+x86_64 | 0.1.1 | 37.00 | 164.00 | 201.00 | OK | |
r-oldrel-macos-x86_64 | 0.1.1 | OK | ||||
r-oldrel-windows-ix86+x86_64 | 0.1.1 | 27.00 | 152.00 | 179.00 | OK |
Version: 0.1.1
Check: package dependencies
Result: NOTE
Package suggested but not available for checking: ‘corehunter’
Flavor: r-patched-solaris-x86