Last updated on 2020-09-17 02:08:12 CEST.
Flavor | Version | Tinstall | Tcheck | Ttotal | Status | Flags |
---|---|---|---|---|---|---|
r-devel-linux-x86_64-debian-clang | 0.2.7 | 4.89 | 241.64 | 246.53 | OK | |
r-devel-linux-x86_64-debian-gcc | 0.2.7 | 3.31 | 157.88 | 161.19 | OK | |
r-devel-linux-x86_64-fedora-clang | 0.2.7 | 264.98 | OK | |||
r-devel-linux-x86_64-fedora-gcc | 0.2.7 | 270.55 | OK | |||
r-devel-windows-ix86+x86_64 | 0.2.7 | 10.00 | 275.00 | 285.00 | OK | |
r-patched-linux-x86_64 | 0.2.7 | 5.27 | 231.64 | 236.91 | OK | |
r-patched-solaris-x86 | 0.2.7 | 322.00 | OK | |||
r-release-linux-x86_64 | 0.2.7 | 4.77 | 227.72 | 232.49 | OK | |
r-release-macos-x86_64 | 0.2.7 | OK | ||||
r-release-windows-ix86+x86_64 | 0.2.7 | 9.00 | 273.00 | 282.00 | OK | |
r-oldrel-macos-x86_64 | 0.2.7 | WARN | ||||
r-oldrel-windows-ix86+x86_64 | 0.2.7 | 7.00 | 254.00 | 261.00 | WARN |
Version: 0.2.7
Check: Rd cross-references
Result: WARN
Missing link or links in documentation object 'foreca-utils.Rd':
‘[base]{plot}’
Missing link or links in documentation object 'foreca.one_weightvector-utils.Rd':
‘[base]{plot}’
See section 'Cross-references' in the 'Writing R Extensions' manual.
Flavors: r-oldrel-macos-x86_64, r-oldrel-windows-ix86+x86_64