Last updated on 2020-09-17 02:08:13 CEST.
Flavor | Version | Tinstall | Tcheck | Ttotal | Status | Flags |
---|---|---|---|---|---|---|
r-devel-linux-x86_64-debian-clang | 0.3.1 | 101.54 | 109.53 | 211.07 | OK | |
r-devel-linux-x86_64-debian-gcc | 0.3.1 | 77.71 | 82.75 | 160.46 | OK | |
r-devel-linux-x86_64-fedora-clang | 0.3.1 | 284.19 | NOTE | |||
r-devel-linux-x86_64-fedora-gcc | 0.3.1 | 284.40 | NOTE | |||
r-devel-windows-ix86+x86_64 | 0.3.1 | 253.00 | 196.00 | 449.00 | OK | |
r-patched-linux-x86_64 | 0.3.1 | 79.72 | 105.04 | 184.76 | OK | |
r-patched-solaris-x86 | 0.3.1 | 292.20 | OK | |||
r-release-linux-x86_64 | 0.3.1 | 83.99 | 106.18 | 190.17 | OK | |
r-release-macos-x86_64 | 0.3.1 | OK | ||||
r-release-windows-ix86+x86_64 | 0.3.1 | 246.00 | 196.00 | 442.00 | OK | |
r-oldrel-macos-x86_64 | 0.3.1 | OK | ||||
r-oldrel-windows-ix86+x86_64 | 0.3.1 | 207.00 | 175.00 | 382.00 | OK |
Version: 0.3.1
Check: compiled code
Result: NOTE
File ‘HLMdiag/libs/HLMdiag.so’:
Found no calls to: ‘R_registerRoutines’, ‘R_useDynamicSymbols’
It is good practice to register native routines and to disable symbol
search.
See ‘Writing portable packages’ in the ‘Writing R Extensions’ manual.
Flavors: r-devel-linux-x86_64-fedora-clang, r-devel-linux-x86_64-fedora-gcc