Last updated on 2020-09-17 02:08:14 CEST.
Flavor | Version | Tinstall | Tcheck | Ttotal | Status | Flags |
---|---|---|---|---|---|---|
r-devel-linux-x86_64-debian-clang | 0.0.9 | 84.08 | 85.65 | 169.73 | NOTE | |
r-devel-linux-x86_64-debian-gcc | 0.0.9 | 69.08 | 63.05 | 132.13 | NOTE | |
r-devel-linux-x86_64-fedora-clang | 0.0.9 | 241.35 | NOTE | |||
r-devel-linux-x86_64-fedora-gcc | 0.0.9 | 232.08 | NOTE | |||
r-devel-windows-ix86+x86_64 | 0.0.9 | 198.00 | 132.00 | 330.00 | NOTE | |
r-patched-linux-x86_64 | 0.0.9 | 71.39 | 84.14 | 155.53 | NOTE | |
r-patched-solaris-x86 | 0.0.9 | 216.10 | NOTE | |||
r-release-linux-x86_64 | 0.0.9 | 72.36 | 85.27 | 157.63 | NOTE | |
r-release-macos-x86_64 | 0.0.9 | NOTE | ||||
r-release-windows-ix86+x86_64 | 0.0.9 | 202.00 | 138.00 | 340.00 | NOTE | |
r-oldrel-macos-x86_64 | 0.0.9 | NOTE | ||||
r-oldrel-windows-ix86+x86_64 | 0.0.9 | 132.00 | 101.00 | 233.00 | NOTE |
Version: 0.0.9
Check: package dependencies
Result: NOTE
Package suggested but not available for checking: 'IFCdata'
Flavors: r-devel-linux-x86_64-debian-clang, r-devel-linux-x86_64-debian-gcc, r-devel-linux-x86_64-fedora-clang, r-devel-linux-x86_64-fedora-gcc, r-devel-windows-ix86+x86_64, r-patched-linux-x86_64, r-patched-solaris-x86, r-release-linux-x86_64, r-release-macos-x86_64, r-release-windows-ix86+x86_64, r-oldrel-macos-x86_64, r-oldrel-windows-ix86+x86_64
Version: 0.0.9
Check: installed package size
Result: NOTE
installed size is 5.9Mb
sub-directories of 1Mb or more:
libs 4.9Mb
Flavor: r-devel-linux-x86_64-fedora-clang