CRAN Package Check Results for Package IPWboxplot

Last updated on 2020-09-17 02:08:14 CEST.

Flavor Version Tinstall Tcheck Ttotal Status Flags
r-devel-linux-x86_64-debian-clang 0.1.0 2.99 32.00 34.99 NOTE
r-devel-linux-x86_64-debian-gcc 0.1.0 2.11 24.21 26.32 NOTE
r-devel-linux-x86_64-fedora-clang 0.1.0 50.40 OK
r-devel-linux-x86_64-fedora-gcc 0.1.0 41.07 OK
r-devel-windows-ix86+x86_64 0.1.0 6.00 54.00 60.00 NOTE
r-patched-linux-x86_64 0.1.0 2.96 30.19 33.15 NOTE
r-patched-solaris-x86 0.1.0 53.40 OK
r-release-linux-x86_64 0.1.0 2.61 30.96 33.57 NOTE
r-release-macos-x86_64 0.1.0 OK
r-release-windows-ix86+x86_64 0.1.0 7.00 60.00 67.00 NOTE
r-oldrel-macos-x86_64 0.1.0 OK
r-oldrel-windows-ix86+x86_64 0.1.0 4.00 39.00 43.00 OK

Check Details

Version: 0.1.0
Check: package vignettes
Result: NOTE
    Package vignette with placeholder title 'Vignette Title':
     'my-vignette.Rmd'
Flavors: r-devel-linux-x86_64-debian-clang, r-devel-linux-x86_64-debian-gcc, r-devel-windows-ix86+x86_64, r-patched-linux-x86_64, r-release-linux-x86_64, r-release-windows-ix86+x86_64