CRAN Package Check Results for Package InterpretMSSpectrum

Last updated on 2020-09-17 02:08:14 CEST.

Flavor Version Tinstall Tcheck Ttotal Status Flags
r-devel-linux-x86_64-debian-clang 1.2 6.34 44.18 50.52 OK
r-devel-linux-x86_64-debian-gcc 1.2 4.58 34.18 38.76 OK
r-devel-linux-x86_64-fedora-clang 1.2 71.56 OK
r-devel-linux-x86_64-fedora-gcc 1.2 61.85 OK
r-devel-windows-ix86+x86_64 1.2 12.00 56.00 68.00 OK
r-patched-linux-x86_64 1.2 6.41 43.75 50.16 OK
r-patched-solaris-x86 1.2 84.60 OK
r-release-linux-x86_64 1.2 6.07 43.52 49.59 OK
r-release-macos-x86_64 1.2 ERROR
r-release-windows-ix86+x86_64 1.2 11.00 69.00 80.00 OK
r-oldrel-macos-x86_64 1.2 OK
r-oldrel-windows-ix86+x86_64 1.2 8.00 64.00 72.00 OK

Check Details

Version: 1.2
Check: package dependencies
Result: ERROR
    Package required but not available: ‘Rdisop’
    
    See section ‘The DESCRIPTION file’ in the ‘Writing R Extensions’
    manual.
Flavor: r-release-macos-x86_64