CRAN Package Check Results for Package JGR

Last updated on 2020-09-17 02:08:14 CEST.

Flavor Version Tinstall Tcheck Ttotal Status Flags
r-devel-linux-x86_64-debian-clang 1.8-7 5.11 36.95 42.06 OK
r-devel-linux-x86_64-debian-gcc 1.8-7 3.77 28.03 31.80 OK
r-devel-linux-x86_64-fedora-clang 1.8-7 61.49 OK
r-devel-linux-x86_64-fedora-gcc 1.8-7 52.12 OK
r-devel-windows-ix86+x86_64 1.8-7 11.00 48.00 59.00 OK
r-patched-linux-x86_64 1.8-7 4.42 36.02 40.44 OK
r-patched-solaris-x86 1.8-7 77.10 NOTE
r-release-linux-x86_64 1.8-7 5.38 35.64 41.02 OK
r-release-macos-x86_64 1.8-7 OK --install=fake
r-release-windows-ix86+x86_64 1.8-7 10.00 60.00 70.00 OK
r-oldrel-macos-x86_64 1.8-7 OK --install=fake
r-oldrel-windows-ix86+x86_64 1.8-7 9.00 53.00 62.00 OK

Check Details

Version: 1.8-7
Check: package dependencies
Result: NOTE
    Package suggested but not available for checking: ‘XLConnect’
Flavor: r-patched-solaris-x86