CRAN Package Check Results for Package Jaya

Last updated on 2020-09-17 02:08:14 CEST.

Flavor Version Tinstall Tcheck Ttotal Status Flags
r-devel-linux-x86_64-debian-clang 0.1.9 2.15 132.24 134.39 OK
r-devel-linux-x86_64-debian-gcc 0.1.9 1.64 96.59 98.23 OK
r-devel-linux-x86_64-fedora-clang 0.1.9 156.58 NOTE
r-devel-linux-x86_64-fedora-gcc 0.1.9 153.85 NOTE
r-devel-windows-ix86+x86_64 0.1.9 5.00 161.00 166.00 OK
r-patched-linux-x86_64 0.1.9 1.77 129.91 131.68 OK
r-patched-solaris-x86 0.1.9 168.40 NOTE
r-release-linux-x86_64 0.1.9 2.18 129.25 131.43 OK
r-release-macos-x86_64 0.1.9 NOTE
r-release-windows-ix86+x86_64 0.1.9 6.00 167.00 173.00 OK
r-oldrel-macos-x86_64 0.1.9 NOTE
r-oldrel-windows-ix86+x86_64 0.1.9 3.00 127.00 130.00 OK

Check Details

Version: 0.1.9
Check: dependencies in R code
Result: NOTE
    Namespace in Imports field not imported from: ‘GA’
     All declared Imports should be used.
Flavors: r-devel-linux-x86_64-fedora-clang, r-devel-linux-x86_64-fedora-gcc, r-patched-solaris-x86, r-release-macos-x86_64, r-oldrel-macos-x86_64