Last updated on 2020-09-17 02:08:15 CEST.
Flavor | Version | Tinstall | Tcheck | Ttotal | Status | Flags |
---|---|---|---|---|---|---|
r-devel-linux-x86_64-debian-clang | 0.1.0 | 7.97 | 65.96 | 73.93 | OK | |
r-devel-linux-x86_64-debian-gcc | 0.1.0 | 6.06 | 49.62 | 55.68 | OK | |
r-devel-linux-x86_64-fedora-clang | 0.1.0 | 97.19 | NOTE | |||
r-devel-linux-x86_64-fedora-gcc | 0.1.0 | 88.26 | NOTE | |||
r-devel-windows-ix86+x86_64 | 0.1.0 | 17.00 | 91.00 | 108.00 | OK | |
r-patched-linux-x86_64 | 0.1.0 | 7.22 | 64.65 | 71.87 | OK | |
r-patched-solaris-x86 | 0.1.0 | 142.20 | NOTE | |||
r-release-linux-x86_64 | 0.1.0 | 7.03 | 63.37 | 70.40 | OK | |
r-release-macos-x86_64 | 0.1.0 | NOTE | ||||
r-release-windows-ix86+x86_64 | 0.1.0 | 18.00 | 92.00 | 110.00 | OK | |
r-oldrel-macos-x86_64 | 0.1.0 | NOTE | ||||
r-oldrel-windows-ix86+x86_64 | 0.1.0 | 16.00 | 86.00 | 102.00 | OK |
Version: 0.1.0
Check: dependencies in R code
Result: NOTE
Namespace in Imports field not imported from: ‘MASS’
All declared Imports should be used.
Flavors: r-devel-linux-x86_64-fedora-clang, r-devel-linux-x86_64-fedora-gcc, r-patched-solaris-x86, r-release-macos-x86_64, r-oldrel-macos-x86_64