Last updated on 2020-09-17 02:08:15 CEST.
Flavor | Version | Tinstall | Tcheck | Ttotal | Status | Flags |
---|---|---|---|---|---|---|
r-devel-linux-x86_64-debian-clang | 1.0 | 6.71 | 79.56 | 86.27 | NOTE | |
r-devel-linux-x86_64-debian-gcc | 1.0 | 5.11 | 57.69 | 62.80 | NOTE | |
r-devel-linux-x86_64-fedora-clang | 1.0 | 106.48 | NOTE | |||
r-devel-linux-x86_64-fedora-gcc | 1.0 | 98.51 | NOTE | |||
r-devel-windows-ix86+x86_64 | 1.0 | 12.00 | 106.00 | 118.00 | NOTE | |
r-patched-linux-x86_64 | 1.0 | 5.09 | 76.31 | 81.40 | NOTE | |
r-patched-solaris-x86 | 1.0 | 124.80 | NOTE | |||
r-release-linux-x86_64 | 1.0 | 6.28 | 76.04 | 82.32 | NOTE | |
r-release-macos-x86_64 | 1.0 | NOTE | ||||
r-release-windows-ix86+x86_64 | 1.0 | 13.00 | 81.00 | 94.00 | NOTE | |
r-oldrel-macos-x86_64 | 1.0 | NOTE | ||||
r-oldrel-windows-ix86+x86_64 | 1.0 | 8.00 | 76.00 | 84.00 | NOTE |
Version: 1.0
Check: DESCRIPTION meta-information
Result: NOTE
Malformed Title field: should not end in a period.
Flavors: r-devel-linux-x86_64-debian-clang, r-devel-linux-x86_64-debian-gcc, r-devel-linux-x86_64-fedora-clang, r-devel-linux-x86_64-fedora-gcc, r-devel-windows-ix86+x86_64, r-patched-linux-x86_64, r-patched-solaris-x86, r-release-linux-x86_64, r-release-macos-x86_64, r-release-windows-ix86+x86_64, r-oldrel-macos-x86_64, r-oldrel-windows-ix86+x86_64
Version: 1.0
Check: top-level files
Result: NOTE
Non-standard file/directory found at top level:
'LDOD.Rproj'
Flavors: r-devel-linux-x86_64-debian-clang, r-devel-linux-x86_64-debian-gcc, r-devel-linux-x86_64-fedora-clang, r-devel-linux-x86_64-fedora-gcc, r-patched-linux-x86_64, r-release-linux-x86_64
Version: 1.0
Check: R code for possible problems
Result: NOTE
multistart : <anonymous>: no visible global function definition for
'runif'
plot.FreD.x: no visible global function definition for 'modifyList'
plot.FreD.x: no visible global function definition for 'abline'
plot.FreD.x: no visible global function definition for 'points'
Undefined global functions or variables:
abline modifyList points runif
Consider adding
importFrom("graphics", "abline", "points")
importFrom("stats", "runif")
importFrom("utils", "modifyList")
to your NAMESPACE file.
Flavors: r-devel-linux-x86_64-debian-clang, r-devel-linux-x86_64-debian-gcc, r-devel-linux-x86_64-fedora-clang, r-devel-linux-x86_64-fedora-gcc, r-devel-windows-ix86+x86_64, r-patched-linux-x86_64, r-patched-solaris-x86, r-release-linux-x86_64, r-release-macos-x86_64, r-release-windows-ix86+x86_64, r-oldrel-macos-x86_64, r-oldrel-windows-ix86+x86_64