CRAN Package Check Results for Package LIHKGr

Last updated on 2020-09-17 02:08:15 CEST.

Flavor Version Tinstall Tcheck Ttotal Status Flags
r-devel-linux-x86_64-debian-clang 0.1.0 3.55 20.34 23.89 OK
r-devel-linux-x86_64-debian-gcc 0.1.0 2.66 15.79 18.45 OK
r-devel-linux-x86_64-fedora-clang 0.1.0 37.86 NOTE
r-devel-linux-x86_64-fedora-gcc 0.1.0 28.18 NOTE
r-devel-windows-ix86+x86_64 0.1.0 8.00 61.00 69.00 OK
r-patched-linux-x86_64 0.1.0 3.41 19.78 23.19 OK
r-patched-solaris-x86 0.1.0 42.70 NOTE
r-release-linux-x86_64 0.1.0 3.10 19.93 23.03 OK
r-release-macos-x86_64 0.1.0 NOTE
r-release-windows-ix86+x86_64 0.1.0 8.00 40.00 48.00 OK
r-oldrel-macos-x86_64 0.1.0 NOTE
r-oldrel-windows-ix86+x86_64 0.1.0 18.00 28.00 46.00 OK

Check Details

Version: 0.1.0
Check: dependencies in R code
Result: NOTE
    Namespaces in Imports field not imported from:
     ‘R6’ ‘purrr’ ‘raster’
     All declared Imports should be used.
Flavors: r-devel-linux-x86_64-fedora-clang, r-devel-linux-x86_64-fedora-gcc, r-patched-solaris-x86, r-release-macos-x86_64, r-oldrel-macos-x86_64