Last updated on 2020-09-17 02:08:15 CEST.
Flavor | Version | Tinstall | Tcheck | Ttotal | Status | Flags |
---|---|---|---|---|---|---|
r-devel-linux-x86_64-debian-clang | 1.1.0 | 14.47 | 133.68 | 148.15 | OK | |
r-devel-linux-x86_64-debian-gcc | 1.1.0 | 12.21 | 100.86 | 113.07 | OK | |
r-devel-linux-x86_64-fedora-clang | 1.1.0 | 201.56 | OK | |||
r-devel-linux-x86_64-fedora-gcc | 1.1.0 | 191.04 | OK | |||
r-devel-windows-ix86+x86_64 | 1.1.0 | 34.00 | 156.00 | 190.00 | OK | |
r-patched-linux-x86_64 | 1.1.0 | 11.49 | 131.64 | 143.13 | OK | |
r-release-linux-x86_64 | 1.1.0 | 11.49 | 130.39 | 141.88 | OK | |
r-release-macos-x86_64 | 1.1.0 | OK | ||||
r-release-windows-ix86+x86_64 | 1.1.0 | 31.00 | 156.00 | 187.00 | OK | |
r-oldrel-macos-x86_64 | 1.1.0 | ERROR | ||||
r-oldrel-windows-ix86+x86_64 | 1.0.0 | 19.00 | 99.00 | 118.00 | OK |
Version: 1.1.0
Check: whether package can be installed
Result: ERROR
Installation failed.
Flavor: r-oldrel-macos-x86_64