CRAN Package Check Results for Package LSAmitR

Last updated on 2020-09-17 02:08:15 CEST.

Flavor Version Tinstall Tcheck Ttotal Status Flags
r-devel-linux-x86_64-debian-clang 1.0-2 10.63 107.69 118.32 OK
r-devel-linux-x86_64-debian-gcc 1.0-2 9.09 81.99 91.08 OK
r-devel-linux-x86_64-fedora-clang 1.0-2 156.59 NOTE
r-devel-linux-x86_64-fedora-gcc 1.0-2 147.36 NOTE
r-devel-windows-ix86+x86_64 1.0-2 31.00 144.00 175.00 OK
r-patched-linux-x86_64 1.0-2 7.91 103.63 111.54 OK
r-patched-solaris-x86 1.0-2 218.70 NOTE
r-release-linux-x86_64 1.0-2 8.28 103.00 111.28 OK
r-release-macos-x86_64 1.0-2 NOTE
r-release-windows-ix86+x86_64 1.0-2 30.00 147.00 177.00 OK
r-oldrel-macos-x86_64 1.0-2 NOTE
r-oldrel-windows-ix86+x86_64 1.0-2 25.00 98.00 123.00 OK

Check Details

Version: 1.0-2
Check: data for non-ASCII characters
Result: NOTE
     Note: found 55 marked UTF-8 strings
Flavors: r-devel-linux-x86_64-fedora-clang, r-devel-linux-x86_64-fedora-gcc, r-patched-solaris-x86, r-release-macos-x86_64, r-oldrel-macos-x86_64