Last updated on 2020-09-17 02:08:15 CEST.
Flavor | Version | Tinstall | Tcheck | Ttotal | Status | Flags |
---|---|---|---|---|---|---|
r-devel-linux-x86_64-debian-clang | 2.4.1 | 223.57 | 131.02 | 354.59 | OK | |
r-devel-linux-x86_64-debian-gcc | 2.4.1 | 173.80 | 95.31 | 269.11 | OK | |
r-devel-linux-x86_64-fedora-clang | 2.4.1 | 496.26 | NOTE | |||
r-devel-linux-x86_64-fedora-gcc | 2.4.1 | 476.26 | OK | |||
r-devel-windows-ix86+x86_64 | 2.4.1 | 531.00 | 205.00 | 736.00 | WARN | |
r-patched-linux-x86_64 | 2.4.1 | 185.97 | 123.69 | 309.66 | OK | |
r-patched-solaris-x86 | 2.4.1 | 425.40 | OK | |||
r-release-linux-x86_64 | 2.4.1 | 180.35 | 123.31 | 303.66 | OK | |
r-release-macos-x86_64 | 2.4.1 | NOTE | ||||
r-release-windows-ix86+x86_64 | 2.4.1 | 534.00 | 204.00 | 738.00 | NOTE | |
r-oldrel-macos-x86_64 | 2.4.1 | NOTE | ||||
r-oldrel-windows-ix86+x86_64 | 2.4.1 | 426.00 | 182.00 | 608.00 | NOTE |
Version: 2.4.1
Check: installed package size
Result: NOTE
installed size is 9.8Mb
sub-directories of 1Mb or more:
R 1.4Mb
data 2.3Mb
libs 5.8Mb
Flavors: r-devel-linux-x86_64-fedora-clang, r-devel-windows-ix86+x86_64, r-release-macos-x86_64, r-release-windows-ix86+x86_64, r-oldrel-macos-x86_64, r-oldrel-windows-ix86+x86_64
Version: 2.4.1
Check: whether package can be installed
Result: WARN
Found the following significant warnings:
CEMGauss.cpp:118:97: warning: the address of 'void Rcpp::print(SEXP)' will never be NULL [-Waddress]
CEMGauss.cpp:121:95: warning: the address of 'void Rcpp::print(SEXP)' will never be NULL [-Waddress]
CEMGauss.cpp:167:99: warning: the address of 'void Rcpp::print(SEXP)' will never be NULL [-Waddress]
CEMGauss.cpp:181:97: warning: the address of 'void Rcpp::print(SEXP)' will never be NULL [-Waddress]
Flavor: r-devel-windows-ix86+x86_64