CRAN Package Check Results for Package MDSMap

Last updated on 2020-09-17 02:08:16 CEST.

Flavor Version Tinstall Tcheck Ttotal Status Flags
r-devel-linux-x86_64-debian-clang 1.1 15.97 157.76 173.73 OK
r-devel-linux-x86_64-debian-gcc 1.1 13.29 120.84 134.13 OK
r-devel-linux-x86_64-fedora-clang 1.1 220.09 OK
r-devel-linux-x86_64-fedora-gcc 1.1 219.63 OK
r-devel-windows-ix86+x86_64 1.1 42.00 190.00 232.00 OK
r-patched-linux-x86_64 1.1 13.96 149.13 163.09 OK
r-patched-solaris-x86 1.1 333.80 OK
r-release-linux-x86_64 1.1 17.02 149.68 166.70 OK
r-release-macos-x86_64 1.1 OK
r-release-windows-ix86+x86_64 1.1 37.00 194.00 231.00 OK
r-oldrel-macos-x86_64 1.1 WARN
r-oldrel-windows-ix86+x86_64 1.1 32.00 131.00 163.00 OK

Check Details

Version: 1.1
Check: whether package can be installed
Result: WARN
    Found the following significant warnings:
     Warning: 'rgl_init' failed, running with rgl.useNULL = TRUE
Flavor: r-oldrel-macos-x86_64