CRAN Package Check Results for Package MEGENA

Last updated on 2020-09-17 02:08:16 CEST.

Flavor Version Tinstall Tcheck Ttotal Status Flags
r-devel-linux-x86_64-debian-clang 1.3.7 42.02 174.92 216.94 NOTE
r-devel-linux-x86_64-debian-gcc 1.3.7 33.87 132.14 166.01 NOTE
r-devel-linux-x86_64-fedora-clang 1.3.7 279.39 NOTE
r-devel-linux-x86_64-fedora-gcc 1.3.7 284.55 NOTE
r-devel-windows-ix86+x86_64 1.3.7 96.00 336.00 432.00 OK
r-patched-linux-x86_64 1.3.7 32.04 170.80 202.84 NOTE
r-patched-solaris-x86 1.3.7 510.40 NOTE
r-release-linux-x86_64 1.3.7 28.50 169.09 197.59 NOTE
r-release-macos-x86_64 1.3.7 OK
r-release-windows-ix86+x86_64 1.3.7 101.00 309.00 410.00 OK
r-oldrel-macos-x86_64 1.3.7 OK
r-oldrel-windows-ix86+x86_64 1.3.7 89.00 221.00 310.00 OK

Check Details

Version: 1.3.7
Check: for non-standard things in the check directory
Result: NOTE
    Found the following files/directories:
     'Data_Correlation.txt' 'correlation_FDR_table.txt'
Flavors: r-devel-linux-x86_64-debian-clang, r-devel-linux-x86_64-debian-gcc, r-devel-linux-x86_64-fedora-clang, r-devel-linux-x86_64-fedora-gcc, r-patched-linux-x86_64, r-patched-solaris-x86, r-release-linux-x86_64