Last updated on 2020-09-17 02:08:17 CEST.
Flavor | Version | Tinstall | Tcheck | Ttotal | Status | Flags |
---|---|---|---|---|---|---|
r-devel-linux-x86_64-debian-clang | 0.7-3 | 41.17 | 107.64 | 148.81 | OK | |
r-devel-linux-x86_64-debian-gcc | 0.7-3 | 35.52 | 80.95 | 116.47 | OK | |
r-devel-linux-x86_64-fedora-clang | 0.7-3 | 191.74 | OK | |||
r-devel-linux-x86_64-fedora-gcc | 0.7-3 | 199.56 | OK | |||
r-devel-windows-ix86+x86_64 | 0.7-3 | 67.00 | 144.00 | 211.00 | OK | |
r-patched-linux-x86_64 | 0.7-3 | 39.09 | 103.67 | 142.76 | OK | |
r-patched-solaris-x86 | 0.7-3 | 223.60 | OK | |||
r-release-linux-x86_64 | 0.7-3 | 36.97 | 102.02 | 138.99 | OK | |
r-release-macos-x86_64 | 0.7-3 | OK | ||||
r-release-windows-ix86+x86_64 | 0.7-3 | 67.00 | 155.00 | 222.00 | OK | |
r-oldrel-macos-x86_64 | 0.7-3 | FAIL | ||||
r-oldrel-windows-ix86+x86_64 | 0.7-3 | 59.00 | 149.00 | 208.00 | OK |
Version: 0.7-3
Check: package dependencies
Result: NOTE
Package suggested but not available for checking: ‘rhdf5’
Flavor: r-oldrel-macos-x86_64
Version: 0.7-3
Check: dependencies in R code
Result: FAIL
Flavor: r-oldrel-macos-x86_64